{"id":224,"date":"2026-04-17T03:11:51","date_gmt":"2026-04-17T03:11:51","guid":{"rendered":"https:\/\/limpiezasbrillo.eu\/?page_id=224"},"modified":"2026-04-17T03:13:06","modified_gmt":"2026-04-17T03:13:06","slug":"aviso-legal","status":"publish","type":"page","link":"https:\/\/limpiezasbrillo.eu\/?page_id=224","title":{"rendered":"Aviso Legal"},"content":{"rendered":"\t\t<div data-elementor-type=\"wp-post\" data-elementor-id=\"224\" class=\"elementor elementor-224\">\n\t\t\t\t<div class=\"elementor-element elementor-element-c000372 e-flex e-con-boxed e-con e-parent\" data-id=\"c000372\" data-element_type=\"container\" data-e-type=\"container\">\n\t\t\t\t\t<div class=\"e-con-inner\">\n\t\t\t\t<div class=\"elementor-element elementor-element-7a32fe6 elementor-widget elementor-widget-text-editor\" data-id=\"7a32fe6\" data-element_type=\"widget\" data-e-type=\"widget\" data-widget_type=\"text-editor.default\">\n\t\t\t\t\t\t\t\t\t<h1 style=\"font-size: 40px;\">AVISO LEGAL<\/h1>\n<p data-path-to-node=\"3\">En cumplimiento del art\u00edculo 10 de la Ley 34\/2002, de 11 de julio, de Servicios de la Sociedad de la Informaci\u00f3n y Comercio Electr\u00f3nico (LSSI-CE), se exponen a continuaci\u00f3n los datos identificativos del titular de este sitio web:<\/p>\n\n<h3 data-path-to-node=\"4\">1. DATOS IDENTIFICATIVOS<\/h3>\n<ul data-path-to-node=\"5\">\n \t<li>\n<p data-path-to-node=\"5,0,0\"><b data-path-to-node=\"5,0,0\" data-index-in-node=\"0\">Titular:<\/b> [Nombre del Titular o Raz\u00f3n Social de la empresa]<\/p>\n<\/li>\n \t<li>\n<p data-path-to-node=\"5,1,0\"><b data-path-to-node=\"5,1,0\" data-index-in-node=\"0\">NIF\/CIF:<\/b> [Insertar NIF o CIF]<\/p>\n<\/li>\n \t<li>\n<p data-path-to-node=\"5,2,0\"><b data-path-to-node=\"5,2,0\" data-index-in-node=\"0\">Direcci\u00f3n:<\/b> [Insertar direcci\u00f3n f\u00edsica o social]<\/p>\n<\/li>\n \t<li>\n<p data-path-to-node=\"5,3,0\"><b data-path-to-node=\"5,3,0\" data-index-in-node=\"0\">Correo electr\u00f3nico:<\/b> [Insertar email de contacto, ej: info@limpiezasbrillo.eu]<\/p>\n<\/li>\n \t<li>\n<p data-path-to-node=\"5,4,0\"><b data-path-to-node=\"5,4,0\" data-index-in-node=\"0\">Tel\u00e9fono:<\/b> [Insertar tel\u00e9fono de contacto]<\/p>\n<\/li>\n \t<li>\n<p data-path-to-node=\"5,5,0\"><b data-path-to-node=\"5,5,0\" data-index-in-node=\"0\">Sitio Web:<\/b> <a class=\"ng-star-inserted\" href=\"https:\/\/limpiezasbrillo.eu\/\" target=\"_blank\" rel=\"noopener\" data-hveid=\"0\" data-ved=\"0CAAQ_4QMahgKEwjDgPPi7vOTAxUAAAAAHQAAAAAQ1QE\">https:\/\/limpiezasbrillo.eu\/<\/a><\/p>\n<\/li>\n<\/ul>\n<h3 data-path-to-node=\"6\">2. OBJETO Y \u00c1MBITO DE APLICACI\u00d3N<\/h3>\n<p data-path-to-node=\"7\">El presente Aviso Legal regula el acceso, navegaci\u00f3n y utilizaci\u00f3n de la tienda online <b data-path-to-node=\"7\" data-index-in-node=\"87\">limpiezasbrillo.eu<\/b>. El acceso a la misma le atribuye la condici\u00f3n de Usuario, lo cual implica la aceptaci\u00f3n sin reservas de todas las disposiciones incluidas en este texto.<\/p>\n\n<h3 data-path-to-node=\"8\">3. PROPIEDAD INTELECTUAL E INDUSTRIAL<\/h3>\n<p data-path-to-node=\"9\"><b data-path-to-node=\"9\" data-index-in-node=\"0\">Limpiezas Brillo<\/b> es titular de todos los derechos de propiedad intelectual e industrial de esta web. Esto incluye, a t\u00edtulo enunciativo: las fotograf\u00edas y descripciones de los productos de limpieza, logotipos, estructura de navegaci\u00f3n, c\u00f3digos fuente, bases de datos y dise\u00f1o gr\u00e1fico.<\/p>\n<p data-path-to-node=\"10\">Queda estrictamente prohibida la reproducci\u00f3n, distribuci\u00f3n o transformaci\u00f3n de cualquier contenido de esta web sin la autorizaci\u00f3n expresa y por escrito del titular.<\/p>\n\n<h3 data-path-to-node=\"11\">4. CONDICIONES DE USO<\/h3>\n<p data-path-to-node=\"12\">El Usuario se compromete a hacer un uso adecuado de los contenidos y servicios de la web. Se proh\u00edbe el uso de la misma para:<\/p>\n\n<ul data-path-to-node=\"13\">\n \t<li>\n<p data-path-to-node=\"13,0,0\">Realizar actividades il\u00edcitas, contrarias a la buena fe o al orden p\u00fablico.<\/p>\n<\/li>\n \t<li>\n<p data-path-to-node=\"13,1,0\">Provocar da\u00f1os en los sistemas f\u00edsicos y l\u00f3gicos de la web o de terceros.<\/p>\n<\/li>\n \t<li>\n<p data-path-to-node=\"13,2,0\">Intentar acceder o utilizar datos de otros usuarios.<\/p>\n<\/li>\n \t<li>\n<p data-path-to-node=\"13,3,0\">Difundir contenidos de car\u00e1cter racista, xen\u00f3fobo, pornogr\u00e1fico o que atenten contra los derechos humanos.<\/p>\n<\/li>\n<\/ul>\n<h3 data-path-to-node=\"14\">5. EXCLUSI\u00d3N DE RESPONSABILIDAD<\/h3>\n<ul data-path-to-node=\"15\">\n \t<li>\n<p data-path-to-node=\"15,0,0\"><b data-path-to-node=\"15,0,0\" data-index-in-node=\"0\">Contenidos:<\/b> Aunque nos esforzamos por mantener la informaci\u00f3n de los productos actualizada y correcta, el titular no garantiza la ausencia de errores tipogr\u00e1ficos o t\u00e9cnicos en la web.<\/p>\n<\/li>\n \t<li>\n<p data-path-to-node=\"15,1,0\"><b data-path-to-node=\"15,1,0\" data-index-in-node=\"0\">Disponibilidad:<\/b> El titular se reserva el derecho a interrumpir temporalmente el acceso a la web por tareas de mantenimiento, no siendo responsable de los perjuicios que esto pudiera causar al usuario.<\/p>\n<\/li>\n \t<li>\n<p data-path-to-node=\"15,2,0\"><b data-path-to-node=\"15,2,0\" data-index-in-node=\"0\">Precios:<\/b> Los precios mostrados en los productos son v\u00e1lidos salvo error manifiesto.<\/p>\n<\/li>\n<\/ul>\n<h3 data-path-to-node=\"16\">6. PROTECCI\u00d3N DE DATOS<\/h3>\n<p data-path-to-node=\"17\">Todo tratamiento de datos personales realizado a trav\u00e9s de este sitio web se rige por lo dispuesto en nuestra <b data-path-to-node=\"17\" data-index-in-node=\"110\">Pol\u00edtica de Privacidad<\/b>, cumpliendo estrictamente con el RGPD y la normativa espa\u00f1ola vigente.<\/p>\n\n<h3 data-path-to-node=\"18\">7. LEGISLACI\u00d3N APLICABLE Y JURISDICCI\u00d3N<\/h3>\n<p data-path-to-node=\"19\">Para la resoluci\u00f3n de todas las controversias relacionadas con el presente sitio web o de las actividades en \u00e9l desarrolladas, ser\u00e1 de aplicaci\u00f3n la legislaci\u00f3n espa\u00f1ola. Para cualquier litigio, las partes se someten a los Juzgados y Tribunales de <b data-path-to-node=\"19\" data-index-in-node=\"248\">[Insertar Ciudad\/Provincia]<\/b>, renunciando a cualquier otro fuero que pudiera corresponderles.<\/p>\t\t\t\t\t\t\t\t<\/div>\n\t\t\t\t\t<\/div>\n\t\t\t\t<\/div>\n\t\t\t\t<\/div>\n\t\t","protected":false},"excerpt":{"rendered":"<p>AVISO LEGAL En cumplimiento del art\u00edculo 10 de la Ley 34\/2002, de 11 de julio, de Servicios de la Sociedad de la Informaci\u00f3n y Comercio Electr\u00f3nico (LSSI-CE), se exponen a continuaci\u00f3n los datos identificativos del titular de este sitio web: 1. DATOS IDENTIFICATIVOS Titular: [Nombre del Titular o Raz\u00f3n Social de la empresa] NIF\/CIF: [Insertar [&hellip;]<\/p>\n","protected":false},"author":1,"featured_media":0,"parent":0,"menu_order":0,"comment_status":"closed","ping_status":"closed","template":"","meta":{"footnotes":""},"class_list":["post-224","page","type-page","status-publish","hentry"],"_links":{"self":[{"href":"https:\/\/limpiezasbrillo.eu\/index.php?rest_route=\/wp\/v2\/pages\/224","targetHints":{"allow":["GET"]}}],"collection":[{"href":"https:\/\/limpiezasbrillo.eu\/index.php?rest_route=\/wp\/v2\/pages"}],"about":[{"href":"https:\/\/limpiezasbrillo.eu\/index.php?rest_route=\/wp\/v2\/types\/page"}],"author":[{"embeddable":true,"href":"https:\/\/limpiezasbrillo.eu\/index.php?rest_route=\/wp\/v2\/users\/1"}],"replies":[{"embeddable":true,"href":"https:\/\/limpiezasbrillo.eu\/index.php?rest_route=%2Fwp%2Fv2%2Fcomments&post=224"}],"version-history":[{"count":4,"href":"https:\/\/limpiezasbrillo.eu\/index.php?rest_route=\/wp\/v2\/pages\/224\/revisions"}],"predecessor-version":[{"id":229,"href":"https:\/\/limpiezasbrillo.eu\/index.php?rest_route=\/wp\/v2\/pages\/224\/revisions\/229"}],"wp:attachment":[{"href":"https:\/\/limpiezasbrillo.eu\/index.php?rest_route=%2Fwp%2Fv2%2Fmedia&parent=224"}],"curies":[{"name":"wp","href":"https:\/\/api.w.org\/{rel}","templated":true}]}}